{"id":1559,"date":"2017-07-04T13:28:46","date_gmt":"2017-07-04T12:28:46","guid":{"rendered":"https:\/\/salzburgsquash.com\/?page_id=1559"},"modified":"2018-11-28T11:47:02","modified_gmt":"2018-11-28T10:47:02","slug":"salzburg-junior-open","status":"publish","type":"page","link":"https:\/\/salzburgsquash.com\/?page_id=1559","title":{"rendered":"Salzburg Junior Open"},"content":{"rendered":"<p>Im Rahmen des Junior Circuit Austria wird jede Saison ein einheitliches Turnierformat f\u00fcr den Jugenbereich (U13-U19) angeboten.<\/p>\n<p>in der Saison 2018\/19 werden 4 Junior Open in Tirol, Ober\u00f6sterreich, Steiermark und Nieder\u00f6sterreich angeboten.<\/p>\n<p>Salzburg ist f\u00fcr 2019 Ausrichter der \u00d6sterreichischen Jugendmeisterschaften und deshalb findet in der Saison 2018\/19 auch kein Junior Open in Salzburg statt.<\/p>\n<p>Weitere Informationen findet ihr <a href=\"http:\/\/www.intooli.at\/match22\/\" target=\"_blank\" rel=\"noopener\">hier<\/a> und auf der Homepage des \u00d6SRV <a href=\"http:\/\/www.squash.or.at\/\" target=\"_blank\" rel=\"noopener\">hier.<\/a><\/p>\n","protected":false},"excerpt":{"rendered":"<p>Im Rahmen des Junior Circuit Austria wird jede Saison ein einheitliches Turnierformat f\u00fcr den Jugenbereich (U13-U19) angeboten. in der Saison 2018\/19 werden 4 Junior Open in Tirol, Ober\u00f6sterreich, Steiermark und Nieder\u00f6sterreich angeboten. Salzburg ist f\u00fcr 2019 Ausrichter der \u00d6sterreichischen Jugendmeisterschaften und deshalb findet in der Saison 2018\/19 auch kein Junior Open in Salzburg statt. Weitere Informationen findet ihr hier und auf der Homepage des \u00d6SRV hier.<\/p>\n","protected":false},"author":1,"featured_media":0,"parent":0,"menu_order":0,"comment_status":"closed","ping_status":"closed","template":"","meta":{"footnotes":""},"class_list":["post-1559","page","type-page","status-publish","hentry"],"_links":{"self":[{"href":"https:\/\/salzburgsquash.com\/index.php?rest_route=\/wp\/v2\/pages\/1559","targetHints":{"allow":["GET"]}}],"collection":[{"href":"https:\/\/salzburgsquash.com\/index.php?rest_route=\/wp\/v2\/pages"}],"about":[{"href":"https:\/\/salzburgsquash.com\/index.php?rest_route=\/wp\/v2\/types\/page"}],"author":[{"embeddable":true,"href":"https:\/\/salzburgsquash.com\/index.php?rest_route=\/wp\/v2\/users\/1"}],"replies":[{"embeddable":true,"href":"https:\/\/salzburgsquash.com\/index.php?rest_route=%2Fwp%2Fv2%2Fcomments&post=1559"}],"version-history":[{"count":8,"href":"https:\/\/salzburgsquash.com\/index.php?rest_route=\/wp\/v2\/pages\/1559\/revisions"}],"predecessor-version":[{"id":2241,"href":"https:\/\/salzburgsquash.com\/index.php?rest_route=\/wp\/v2\/pages\/1559\/revisions\/2241"}],"wp:attachment":[{"href":"https:\/\/salzburgsquash.com\/index.php?rest_route=%2Fwp%2Fv2%2Fmedia&parent=1559"}],"curies":[{"name":"wp","href":"https:\/\/api.w.org\/{rel}","templated":true}]}}